or of 19 and 2489?
19
Calculate the highest common divisor of 264 and 672.
24
Calculate the highest common factor of 152 and 8.
8
What is the highest common factor of 1562 and 71?
71
What is the highest common factor of 93 and 1457?
31
Calculate the highest common divisor of 62 and 73966.
62
Calculate the highest common divisor of 34 and 18.
2
Calculate the greatest common divisor of 54 and 558.
18
Calculate the highest common divisor of 88 and 1078.
22
What is the greatest common divisor of 1122 and 18?
6
Calculate the highest common factor of 192 and 240.
48
Calculate the greatest common factor of 37 and 185.
37
What is the highest common factor of 128 and 688?
16
Calculate the highest common factor of 39 and 312.
39
Calculate the greatest common factor of 30 and 426.
6
Calculate the highest common divisor of 30 and 3630.
30
What is the greatest common divisor of 26 and 897?
13
What is the greatest common factor of 20 and 15550?
10
What is the greatest common divisor of 357 and 204?
51
Calculate the highest common factor of 868 and 56.
28
What is the highest common divisor of 3465 and 225?
45
Calculate the greatest common divisor of 154 and 66.
22
Calculate the greatest common factor of 38464 and 8.
8
What is the greatest common divisor of 100 and 280?
20
What is the highest common divisor of 1748 and 152?
76
What is the highest common factor of 120 and 16?
8
What is the greatest common divisor of 10813 and 11?
11
Calculate the highest common factor of 153 and 901.
17
Calculate the greatest common factor of 225 and 90.
45
What is the greatest common factor of 13732 and 4?
4
What is the highest common factor of 20 and 310?
10
Calculate the highest common divisor of 2461 and 184.
23
Calculate the greatest common divisor of 56 and 280.
56
Calculate the greatest common divisor of 231 and 77.
77
Calculate the greatest common divisor of 792 and 352.
88
Calculate the greatest common divisor of 248 and 64.
8
What is the highest common factor of 21 and 3948?
21
What is the highest common divisor of 20 and 6?
2
Calculate the greatest common divisor of 357 and 42.
21
What is the highest common divisor of 132 and 7644?
12
Calculate the highest common factor of 7683 and 39.
39
Calculate the highest common divisor of 38 and 5567.
19
Calculate the highest common divisor of 1168 and 16.
16
What is the greatest common divisor of 8750 and 70?
70
What is the greatest common factor of 8 and 100?
4
What is the greatest common factor of 2475 and 3600?
225
Calculate the greatest common divisor of 232 and 64.
8
What is the greatest common divisor of 18 and 288?
18
Calculate the greatest common factor of 754 and 551.
29
Calculate the highest common factor of 156 and 364.
52
What is the highest common factor of 16 and 24?
8
Calculate the highest common divisor of 512 and 192.
64
What is the greatest common divisor of 76 and 323?
19
Calculate the greatest common divisor of 1476 and 36.
36
Calculate the highest common factor of 176 and 42064.
176
What is the greatest common divisor of 99 and 18?
9
What is the highest common factor of 832 and 260?
52
Calculate the greatest common factor of 15 and 105.
15
Calculate the highest common factor of 39 and 195.
39
Calculate the greatest common divisor of 81 and 189.
27
What is the highest common divisor of 9828 and 14?
14
What is the highest common factor of 25331 and 347?
347
Calculate the highest common factor of 6422 and 190.
38
Calculate the greatest common factor of 480 and 15040.
160
Calculate the highest common divisor of 33 and 2970.
33
What is the greatest common factor of 345 and 30?
15
Calculate the greatest common divisor of 469 and 14.
7
Calculate the highest common factor of 1881 and 133.
19
Calculate the greatest common divisor of 48 and 348.
12
Calculate the highest common factor of 456 and 48.
24
Calculate the greatest common divisor of 31 and 11563.
31
What is the greatest common divisor of 596 and 745?
149
Calculate the greatest common divisor of 1001 and 1287.
143
What is the highest common divisor of 552 and 192?
24
Calculate the highest common factor of 3 and 4449.
3
What is the highest common divisor of 86 and 7138?
86
What is the greatest common factor of 513 and 54?
27
Calculate the highest common divisor of 1605 and 15.
15
What is the greatest common divisor of 16 and 400?
16
What is the greatest common divisor of 4 and 8?
4
What is the highest common divisor of 276 and 42?
6
What is the greatest common factor of 62 and 250?
2
Calculate the highest common factor of 880 and 3344.
176
What is the highest common factor of 2535 and 60?
15
What is the greatest common divisor of 2312 and 68?
68
Calculate the highest common divisor of 53634 and 42.
42
What is the highest common divisor of 135 and 1485?
135
Calculate the highest common factor of 6 and 94.
2
What is the greatest common factor of 65 and 70720?
65
What is the highest common factor of 2497 and 11?
11
What is the greatest common divisor of 396 and 55?
11
Calculate the greatest common factor of 1506 and 24.
6
What is the highest common divisor of 118 and 18?
2
What is the greatest common divisor of 154 and 266?
14
Calculate the greatest common divisor of 36 and 7983.
9
What is the highest common divisor of 108 and 1128?
12
What is the highest common divisor of 196 and 10241?
49
What is the greatest common factor of 870 and 1218?
174
What is the highest common factor of 232 and 1608?
8
Calculate the greatest common divisor of 8 and 320.
8
What is the highest common factor of 87166 and 82?
82
What is the highest common factor of 6 and 807?
3
Calculate the greatest common factor of 30 and 3100.
10
What is the greatest common divisor of 368 and 48?
16
Calculate the highest common factor of 411 and 3.
3
What is the greatest common factor of 16 and 208?
16
Calculate the highest common divisor of 209 and 1881.
209
What is the highest common factor of 13 and 3328?
13
Calculate the highest common divisor of 252 and 2088.
36
Calculate the highest common divisor of 7680 and 416.
32
What is the highest common factor of 51 and 816?
51
Calculate the highest common factor of 30 and 10950.
30
Calculate the greatest common factor of 147 and 245.
49
What is the greatest common divisor of 22 and 3?
1
Calculate the greatest common divisor of 2665 and 45.
5
Calculate the highest common divisor of 56 and 33656.
56
What is the highest common factor of 66 and 99?
33
Calculate the highest common divisor of 12 and 123.
3
What is the greatest common divisor of 22 and 22?
22
What is the greatest common factor of 62 and 155?
31
Calculate the highest common divisor of 22 and 6116.
22
Calculate the greatest common divisor of 2054 and 78.
26
Calculate the highest common divisor of 120 and 6360.
120
Calculate the greatest common factor of 176 and 1210.
22
What is the highest common divisor of 261 and 58?
29
What is the highest common factor of 4 and 2308?
4
Calculate the greatest common factor of 168 and 224.
56
What is the highest common factor of 13 and 273?
13
What is the highest common factor of 147 and 588?
147
Calculate the highest common divisor of 1946 and 695.
139
What is the highest common divisor of 13 and 1378?
13
Calculate the greatest common divisor of 31 and 2635.
31
Calculate the greatest common factor of 8074 and 22.
22
Calculate the greatest common divisor of 23 and 736.
23
Calculate the highest common factor of 2609 and 1.
1
Calculate the greatest common factor of 1679 and 949.
73
Calculate the highest common factor of 63 and 6111.
63
What is the greatest common factor of 57609 and 333?
333
What is the greatest common factor of 76 and 8?
4
Calculate the highest common divisor of 208 and 2320.
16
What is the greatest common factor of 4536 and 882?
126
Calculate the greatest common factor of 708 and 18.
6
What is the greatest common factor of 6993 and 105?
21
What is the highest common factor of 20 and 1340?
20
Calculate the highest common divisor of 168 and 350.
14
Calculate the highest common factor of 847 and 14.
7
Calculate the greatest common divisor of 752 and 47.
47
Calculate the highest common factor of 2639 and 91.
91
Calculate the highest common divisor of 99 and 88.
11
Calculate the highest common divisor of 240 and 200.
40
Calculate the highest co